 y.
7, 17
Suppose 5*n - 3*s = -4 + 78, -4*n - 4*s = -72. Suppose -3*w - n = 29. What are the prime factors of (-34)/(-8) + w/(-20)?
5
Let v be ((-2)/(-1))/((-1)/(-3)). List the prime factors of -2*1*(-93)/v.
31
Let f = -2 - -4. Suppose -f = 3*s - 2*s. What are the prime factors of (0 - -7) + (0 - s)?
3
Let k = 67 - 36. List the prime factors of k.
31
Suppose -17*o = -0*o - 3128. List the prime factors of o.
2, 23
Let s = -21 - -12. List the prime factors of s/21 - 124/(-28).
2
Let n be (4 - 3) + 1/1. Suppose 2*w = -n*w + 144. List the prime factors of w.
2, 3
Let w(m) be the third derivative of m**6/120 + 50*m**3/3 - 3*m**2. Let b be w(0). Suppose 2*g = 8*t - 4*t + 62, -5*g - t = -b. List the prime factors of g.
3, 7
Let n be ((-3)/(-2))/((-15)/(-1040)). Suppose 0 = s + 3*s - n. List the prime factors of s.
2, 13
Let v(q) = q**2 - 5*q - 10. Suppose -2 = -c + 5. List the prime factors of v(c).
2
Let t be (-6)/2*4/(-6). Suppose t*k - 5*j = 3*k - 42, -j = 3*k - 70. List the prime factors of k.
2, 11
Suppose 4*q - 2*s = s + 56, s + 4 = 0. Suppose 5*n = -3*f + 6 + q, -3*f = -3*n - 9. Suppose n = -v + 3. List the prime factors of v.
2
Suppose 2*v = -u - v + 17, -21 = 2*u - 5*v. Let c = 19 - u. What are the prime factors of c?
17
Suppose -12*d + 9*d + 276 = 0. What are the prime factors of d?
2, 23
Let b(l) = l**2 - 9*l + 10. Let n be b(8). Suppose -75 = -n*y - 2*g - 3*g, -3*y + 5*g + 100 = 0. Suppose 4*a = -11 + y. What are the prime factors of a?
2, 3
Suppose -h = 2*h - 159. What are the prime factors of h?
53
Let o(a) = -a**3 - 6*a**2 - 4*a + 1. Let f be o(-5). Let t = f + 4. List the prime factors of (-2)/((-6)/9 + t).
3
Let z = 24 - -4. What are the prime factors of (z/(-2))/(2*-1)?
7
Let m(z) = 27*z - 11*z**3 - 13*z + 1 - z**2 - 13*z. What are the prime factors of m(-1)?
2, 5
Let p(n) = -n - 9. Let s be p(-11). Suppose q = -2*m + 13, 0*m = -3*m + s*q + 23. What are the prime factors of m?
7
What are the prime factors of 120/3*6/15?
2
Let g(x) = x**3 - 2*x**2 - 4*x. List the prime factors of g(4).
2
Let x(r) = r**2 - r + 2. Let s be x(0). Let h = 25 + -21. Suppose -s*j + h*j = 22. List the prime factors of j.
11
Suppose 2*p - 11 - 91 = 0. What are the prime factors of p?
3, 17
Let y(i) = -i**3 + i**2 + 3*i + 1. Let z be y(-2). Suppose 6 = 3*w - w. Suppose -11 - z = -w*j. List the prime factors of j.
2, 3
Suppose -28 = 2*i - 0*i. Let y = 24 + i. Let z = y - 4. List the prime factors of z.
2, 3
Let g(b) = 3*b. What are the prime factors of g(6)?
2, 3
Suppose -4*x - 2*j + 5*j = -19, 15 = 5*x - 2*j. Suppose s = x + 1. List the prime factors of s.
2
Suppose -4*b = -4*f + 16, 7*b = -2*f + 3*b + 14. Let s = 6 + f. List the prime factors of s.
11
Let d = -203 - -375. What are the prime factors of d?
2, 43
Let w = 3 - 4. List the prime factors of (w/(-2)*-26)/(-1).
13
Suppose 4 = -2*g + 4*g. Suppose 20 = g*r + 2*r - 3*j, 2*j - 8 = 0. List the prime factors of r.
2
Let u(w) = -w**2 + 7*w + 3. Let b be u(7). Let x be (b/2)/((-6)/(-8)). Suppose x*y + 4 = 0, -n + 3*n - 26 = 4*y. List the prime factors of n.
3
Let v(w) = -w**2 + 7*w - 3. Let y be v(6). Suppose 4*s = -4, 4*x - y*s - 1 = -2*s. Suppose 3*m + 4 - 7 = 0, x = -2*z - 2*m + 6. What are the prime factors of z?
2
Suppose 5*s + 9 - 39 = 0. Suppose -4*t - 11 = d, -4 = 5*d + t - 6. List the prime factors of d/1 - (s + -9).
2
Suppose -3*a + 21 = -0*a. Suppose 0 = -2*x + 3*b + 14, -x + 0*x + b + a = 0. List the prime factors of x.
7
Let x(n) be the first derivative of n**4/4 + 8*n**3/3 + 3*n**2 + 3*n - 2. List the prime factors of x(-7).
2, 5
Let l be (-2)/(-1) - (-14)/(-2). Let r(g) = -g**2 - 5*g + 3. List the prime factors of r(l).
3
Suppose 4*w = 4*g + 112, 4*g - 3*w = -0*g - 109. Let x = g + 35. Suppose 2*b = 20 + x. List the prime factors of b.
3, 5
Suppose -1 + 224 = 5*z - 3*u, 0 = -z - 2*u + 55. List the prime factors of z.
47
Let a(m) = 14*m**3 + 2*m**2 - 2. Let p(y) = -y**3 + 1. Let l(h) = -a(h) - p(h). List the prime factors of l(-1).
2, 3
Let s = -10 - -1. Let i = -5 - s. Let t = i - -2. What are the prime factors of t?
2, 3
Suppose 423 = 3*w - 471. Suppose 4*t - 54 = w. List the prime factors of t/6 + 4/12.
3, 5
Let p(f) = f**3 + 11*f**2 + 9*f - 2. List the prime factors of p(-9).
79
Let q = 159 + 89. What are the prime factors of q?
2, 31
Let x be (-190)/(-3) + 8/12. What are the prime factors of (-4)/6 + x/6?
2, 5
Suppose 3*m + 9 = 0, -3*b - 5*m = -m. Suppose 0 = 3*o + b - 16. List the prime factors of o.
2
Let k(l) = l**3 - 7*l**2 - l + 9. Let j be k(7). Suppose 0 = j*f - 5*f + 21. Let v = -3 + f. List the prime factors of v.
2
Let c(k) = -2*k**3 - 6*k**2 + k + 14. What are the prime factors of c(-5)?
109
Suppose -2*g - 2*l - 10 = 0, g + 4*g + 3*l = -17. Let u be 14 - (2/(-2))/g. Suppose -u = -s - 6. What are the prime factors of s?
7
Suppose -6 = v + 7. Let x = -9 - -4. Let j = x - v. List the prime factors of j.
2
Suppose 0 = 2*g + g - 105. Let p = -15 + g. List the prime factors of p.
2, 5
Suppose 4*u - 2*l = 16, -3*u + u + 4*l = -14. Suppose -2*p + 46 = -3*m, 6 = -3*p - u*m + 45. What are the prime factors of p?
17
Let h be -63*3/(-9)*-3. Let x be 6/(-15) + h/5. Let v = 21 + x. What are the prime factors of v?
2
Let z = -4 + 7. Let y = -3 - -8. Suppose 0*o - 2*o + y*c + 28 = 0, -3*c - 24 = -z*o. List the prime factors of o.
2
Let w(b) = b**3 - 3*b**2 + 4*b - 4. List the prime factors of w(4).
2, 7
Suppose 0 = -2*r - g + 121, 5*r + g - 304 = -g. Let i = 94 - r. Suppose i - 5 = 3*u. List the prime factors of u.
3
Let s = 18 + -4. Suppose -s - 37 = -3*n. What are the prime factors of n?
17
Let b = 8 - 3. Suppose 0*c + 2 = -2*c - b*t, 2*c - 2 = -3*t. Let v = 0 + c. What are the prime factors of v?
2
Let d be 390/33 - 2/(-11). Suppose t - d = -t. What are the prime factors of t?
2, 3
Let h = 7 + -7. Let n(q) = 0*q**2 + h*q - 7 - 5*q - q**3 - q**2 - 4*q**2. List the prime factors of n(-5).
2, 3
Let a(r) = r**2 + 9*r + 8. Let t be a(-8). Suppose t = -2*b + 11 + 7. What are the prime factors of b?
3
Suppose 4*g + 1 = -7, 0 = r - 2*g - 106. List the prime factors of r.
2, 3, 17
Suppose 0 = -4*x + 4*v + 36, -3*x + x = v - 12. What are the prime factors of x?
7
Suppose -20 = v - 5*v. Let m be 25/(-10)*6/v. Let x = 9 + m. List the prime factors of x.
2, 3
Let p = 4 - -23. List the prime factors of p.
3
Suppose -z = -5*z + 52. Let g(i) = -5*i. Let h be g(-1). List the prime factors of z/h + (-8)/(-20).
3
Let q = 16 + -2. Suppose -z - 2 + q = 0. List the prime factors of z.
2, 3
Let i(v) = v**2 + 3*v + 2. Let g be i(-3). Suppose 3*n = 6*n, g*h = -n + 12. List the prime factors of h.
2, 3
Let x = 5 - 7. Let y be (x + 6/4)*0. Suppose 3*a - 2*a - 13 = y. List the prime factors of a.
13
Let h = 10 - 6. Suppose h*u + m = 37, -4*u + 3*m = 12 - 61. List the prime factors of ((-36)/u)/((-2)/10).
2, 3
Let u(m) = 2*m**2 - 2*m + 1. List the prime factors of u(-2).
13
List the prime factors of 72 - 0/(-9 - -4).
2, 3
List the prime factors of (-9)/3*(-80)/24.
2, 5
Let r be -1*2/(2/(-3)). Let u be r/3*-1 - -6. Suppose 4*p + 25 = s - 0*p, s + p = u. List the prime factors of s.
3
What are the prime factors of (-54)/(-4)*(-70)/(-21)?
3, 5
Let m(d) = -d - 5. Let u be m(-7). Suppose -h + 2*x = -10, -3*h - u*x = 2*h - 110. List the prime factors of h.
2, 5
Let c = 114 + -78. What are the prime factors of c?
2, 3
Let h = 25 + -17. Suppose -5*y = 3*i - 129, y = -i + 33 + h. List the prime factors of i.
2, 19
Let g(b) = 22*b. Let v be g(1). Suppose 2*p + v = 2*c - c, 5*c - 135 = 5*p. List the prime factors of c.
2
Let k be (30/25)/(1/20). Let l be ((-3)/2)/((-4)/k). Let o = l - -2. What are the prime factors of o?
11
Let k = -23 - -26. List the prime factors of k.
3
Let q = -29 + 143. List the prime factors of q.
2, 3, 19
Suppose -6*h + 9*h - 27 = 0. Let i = h + -4. List the prime factors of i.
5
Suppose 0 = 5*a + f + 17, -a + 3*f = 2*f + 1. Let s = -6 - a. List the prime factors of 2*s*(-1)/3.
2
Let r(b) = 12*b**3 - 8*b + 2. What are the prime factors of r(3)?
2, 151
Let u = 6 + -1. Suppose u + 1 = -o - 3*g, 5*o + 3*g - 6 = 0. List the prime factors of 1 + 3/o - -5.
7
Suppose -2*b = -b - 2. Suppose -5*y + b*v = -53 + 4, -23 = -y - 4*v. List the prime factors of y.
11
Suppose -3*g = 2*g + 95. Let k = g + 12. List the p